{"id":6270,"date":"2024-03-01T21:03:21","date_gmt":"2024-03-01T19:03:21","guid":{"rendered":"https:\/\/xarxa.museunacional.cat\/artista\/maria-dolors-escardo-oliva\/"},"modified":"2024-03-01T21:03:21","modified_gmt":"2024-03-01T19:03:21","slug":"maria-dolors-escardo-oliva","status":"publish","type":"artista","link":"https:\/\/xarxa.museunacional.cat\/es\/artista\/maria-dolors-escardo-oliva\/","title":{"rendered":"Maria Dolors Escard\u00f3 Oliva"},"content":{"rendered":"<p>\n\t<a class=\"cpta-link ctpt-link-breadcrum\" href=\"javascript:void(0)\" onclick=\"history.back()\">Tornar al cercador del cens d'artistes<\/a>\n<\/p>\n<div class=\"cptartista\">\n\t\n\t<dl >\n\t\t<dt>Nom:<\/dt>\n\t\t<dd>Maria Dolors<\/dd>\n\t\t<dt>Cognoms:<\/dt>\n\t\t<dd>Escard\u00f3 Oliva<\/dd>\n\t\t\t\t<dt>Tipus:<\/dt>\n\t\t<dd>artista<\/dd>\n\t\t\t\t<dt>\u00c0mbit:<\/dt>\n\t\t<dd>artista pl\u00e0stica<\/dd>\n\t\t\t\t\t\t\t<dt>Museu i\/o col\u00b7lecci\u00f3 on trobar-la:<\/dt>\n\t\t\t\t\t\t\t<dd><a href=\"https:\/\/www.museudereus.cat\" target=\"_blank\">Museu de Reus<\/a><\/dd>\n\t\t\t\t\t\t\t\t\t<dt>Data de naixement:<\/dt>\n\t\t<dd>1941<\/dd>\n\t\t\t\t\t\t<dt>Lloc de naixement:<\/dt>\n\t\t<dd>Reus, prov\u00edncia de Tarragona, Espanya<\/dd>\n\t\t\t\t\t\t\t\t\t\t<dt>Wikidata:<\/dt>\n\t\t<dd><a href=\"https:\/\/www.wikidata.org\/wiki\/Q96593748\" target=\"_blank\">https:\/\/www.wikidata.org\/wiki\/Q96593748<\/a><\/dd>\n\t\t\t\t\t\n\t\n\n\t\t\n\t<\/dl>\n\t\t\t\t\n<\/div>\n\n\n\n","protected":false},"featured_media":0,"template":"","meta":{"_acf_changed":false,"inline_featured_image":false,"_vp_format_video_url":"","_vp_image_focal_point":[]},"colleccio":[],"lloc":[199],"llocsdefuncio":[],"museu":[],"museush":[77],"ocupacio":[1244],"pais":[1128],"paisdefuncio":[],"sala":[],"territori":[1009],"territoridefuncio":[],"class_list":["post-6270","artista","type-artista","status-publish","hentry","lloc-reus","museush-museu-de-reus","ocupacio-artista-plastica","pais-espanya","territori-provincia-de-tarragona"],"acf":[],"yoast_head":"<!-- This site is optimized with the Yoast SEO plugin v27.4 - https:\/\/yoast.com\/product\/yoast-seo-wordpress\/ -->\n<title>Maria Dolors Escard\u00f3 Oliva - Xarxa de Museus d\u2019Art de Catalunya<\/title>\n<meta name=\"robots\" content=\"index, follow, max-snippet:-1, max-image-preview:large, max-video-preview:-1\" \/>\n<link rel=\"canonical\" href=\"https:\/\/xarxa.museunacional.cat\/es\/artista\/maria-dolors-escardo-oliva\/\" \/>\n<meta property=\"og:locale\" content=\"es_ES\" \/>\n<meta property=\"og:type\" content=\"article\" \/>\n<meta property=\"og:title\" content=\"Maria Dolors Escard\u00f3 Oliva - Xarxa de Museus d\u2019Art de Catalunya\" \/>\n<meta property=\"og:description\" content=\"Tornar al cercador del cens d&#039;artistes Nom: Maria Dolors Cognoms: Escard\u00f3 Oliva Tipus: artista \u00c0mbit: artista pl\u00e0stica Museu i\/o col\u00b7lecci\u00f3 on trobar-la: Museu de Reus Data de naixement: 1941 Lloc de naixement: Reus, prov\u00edncia de Tarragona, Espanya Wikidata: https:\/\/www.wikidata.org\/wiki\/Q96593748\" \/>\n<meta property=\"og:url\" content=\"https:\/\/xarxa.museunacional.cat\/es\/artista\/maria-dolors-escardo-oliva\/\" \/>\n<meta property=\"og:site_name\" content=\"Xarxa de Museus d\u2019Art de Catalunya\" \/>\n<meta name=\"twitter:card\" content=\"summary_large_image\" \/>\n<script type=\"application\/ld+json\" class=\"yoast-schema-graph\">{\"@context\":\"https:\\\/\\\/schema.org\",\"@graph\":[{\"@type\":\"WebPage\",\"@id\":\"https:\\\/\\\/xarxa.museunacional.cat\\\/es\\\/artista\\\/maria-dolors-escardo-oliva\\\/\",\"url\":\"https:\\\/\\\/xarxa.museunacional.cat\\\/es\\\/artista\\\/maria-dolors-escardo-oliva\\\/\",\"name\":\"Maria Dolors Escard\u00f3 Oliva - Xarxa de Museus d\u2019Art de Catalunya\",\"isPartOf\":{\"@id\":\"https:\\\/\\\/xarxa.museunacional.cat\\\/#website\"},\"datePublished\":\"2024-03-01T19:03:21+00:00\",\"breadcrumb\":{\"@id\":\"https:\\\/\\\/xarxa.museunacional.cat\\\/es\\\/artista\\\/maria-dolors-escardo-oliva\\\/#breadcrumb\"},\"inLanguage\":\"es\",\"potentialAction\":[{\"@type\":\"ReadAction\",\"target\":[\"https:\\\/\\\/xarxa.museunacional.cat\\\/es\\\/artista\\\/maria-dolors-escardo-oliva\\\/\"]}]},{\"@type\":\"BreadcrumbList\",\"@id\":\"https:\\\/\\\/xarxa.museunacional.cat\\\/es\\\/artista\\\/maria-dolors-escardo-oliva\\\/#breadcrumb\",\"itemListElement\":[{\"@type\":\"ListItem\",\"position\":1,\"name\":\"Inici\",\"item\":\"https:\\\/\\\/xarxa.museunacional.cat\\\/es\\\/\"},{\"@type\":\"ListItem\",\"position\":2,\"name\":\"Artistes\",\"item\":\"https:\\\/\\\/xarxa.museunacional.cat\\\/artistes-archive\\\/\"},{\"@type\":\"ListItem\",\"position\":3,\"name\":\"Maria Dolors Escard\u00f3 Oliva\"}]},{\"@type\":\"WebSite\",\"@id\":\"https:\\\/\\\/xarxa.museunacional.cat\\\/#website\",\"url\":\"https:\\\/\\\/xarxa.museunacional.cat\\\/\",\"name\":\"Xarxa de Museus d\u2019Art de Catalunya\",\"description\":\"Un altre lloc gestionat amb el WordPress\",\"publisher\":{\"@id\":\"https:\\\/\\\/xarxa.museunacional.cat\\\/#organization\"},\"potentialAction\":[{\"@type\":\"SearchAction\",\"target\":{\"@type\":\"EntryPoint\",\"urlTemplate\":\"https:\\\/\\\/xarxa.museunacional.cat\\\/?s={search_term_string}\"},\"query-input\":{\"@type\":\"PropertyValueSpecification\",\"valueRequired\":true,\"valueName\":\"search_term_string\"}}],\"inLanguage\":\"es\"},{\"@type\":\"Organization\",\"@id\":\"https:\\\/\\\/xarxa.museunacional.cat\\\/#organization\",\"name\":\"Xarxa de Museus d\u2019Art de Catalunya\",\"url\":\"https:\\\/\\\/xarxa.museunacional.cat\\\/\",\"logo\":{\"@type\":\"ImageObject\",\"inLanguage\":\"es\",\"@id\":\"https:\\\/\\\/xarxa.museunacional.cat\\\/#\\\/schema\\\/logo\\\/image\\\/\",\"url\":\"https:\\\/\\\/xarxa.museunacional.cat\\\/wp-content\\\/uploads\\\/2024\\\/08\\\/logo.png\",\"contentUrl\":\"https:\\\/\\\/xarxa.museunacional.cat\\\/wp-content\\\/uploads\\\/2024\\\/08\\\/logo.png\",\"width\":400,\"height\":88,\"caption\":\"Xarxa de Museus d\u2019Art de Catalunya\"},\"image\":{\"@id\":\"https:\\\/\\\/xarxa.museunacional.cat\\\/#\\\/schema\\\/logo\\\/image\\\/\"}}]}<\/script>\n<!-- \/ Yoast SEO plugin. -->","yoast_head_json":{"title":"Maria Dolors Escard\u00f3 Oliva - Xarxa de Museus d\u2019Art de Catalunya","robots":{"index":"index","follow":"follow","max-snippet":"max-snippet:-1","max-image-preview":"max-image-preview:large","max-video-preview":"max-video-preview:-1"},"canonical":"https:\/\/xarxa.museunacional.cat\/es\/artista\/maria-dolors-escardo-oliva\/","og_locale":"es_ES","og_type":"article","og_title":"Maria Dolors Escard\u00f3 Oliva - Xarxa de Museus d\u2019Art de Catalunya","og_description":"Tornar al cercador del cens d'artistes Nom: Maria Dolors Cognoms: Escard\u00f3 Oliva Tipus: artista \u00c0mbit: artista pl\u00e0stica Museu i\/o col\u00b7lecci\u00f3 on trobar-la: Museu de Reus Data de naixement: 1941 Lloc de naixement: Reus, prov\u00edncia de Tarragona, Espanya Wikidata: https:\/\/www.wikidata.org\/wiki\/Q96593748","og_url":"https:\/\/xarxa.museunacional.cat\/es\/artista\/maria-dolors-escardo-oliva\/","og_site_name":"Xarxa de Museus d\u2019Art de Catalunya","twitter_card":"summary_large_image","schema":{"@context":"https:\/\/schema.org","@graph":[{"@type":"WebPage","@id":"https:\/\/xarxa.museunacional.cat\/es\/artista\/maria-dolors-escardo-oliva\/","url":"https:\/\/xarxa.museunacional.cat\/es\/artista\/maria-dolors-escardo-oliva\/","name":"Maria Dolors Escard\u00f3 Oliva - Xarxa de Museus d\u2019Art de Catalunya","isPartOf":{"@id":"https:\/\/xarxa.museunacional.cat\/#website"},"datePublished":"2024-03-01T19:03:21+00:00","breadcrumb":{"@id":"https:\/\/xarxa.museunacional.cat\/es\/artista\/maria-dolors-escardo-oliva\/#breadcrumb"},"inLanguage":"es","potentialAction":[{"@type":"ReadAction","target":["https:\/\/xarxa.museunacional.cat\/es\/artista\/maria-dolors-escardo-oliva\/"]}]},{"@type":"BreadcrumbList","@id":"https:\/\/xarxa.museunacional.cat\/es\/artista\/maria-dolors-escardo-oliva\/#breadcrumb","itemListElement":[{"@type":"ListItem","position":1,"name":"Inici","item":"https:\/\/xarxa.museunacional.cat\/es\/"},{"@type":"ListItem","position":2,"name":"Artistes","item":"https:\/\/xarxa.museunacional.cat\/artistes-archive\/"},{"@type":"ListItem","position":3,"name":"Maria Dolors Escard\u00f3 Oliva"}]},{"@type":"WebSite","@id":"https:\/\/xarxa.museunacional.cat\/#website","url":"https:\/\/xarxa.museunacional.cat\/","name":"Xarxa de Museus d\u2019Art de Catalunya","description":"Un altre lloc gestionat amb el WordPress","publisher":{"@id":"https:\/\/xarxa.museunacional.cat\/#organization"},"potentialAction":[{"@type":"SearchAction","target":{"@type":"EntryPoint","urlTemplate":"https:\/\/xarxa.museunacional.cat\/?s={search_term_string}"},"query-input":{"@type":"PropertyValueSpecification","valueRequired":true,"valueName":"search_term_string"}}],"inLanguage":"es"},{"@type":"Organization","@id":"https:\/\/xarxa.museunacional.cat\/#organization","name":"Xarxa de Museus d\u2019Art de Catalunya","url":"https:\/\/xarxa.museunacional.cat\/","logo":{"@type":"ImageObject","inLanguage":"es","@id":"https:\/\/xarxa.museunacional.cat\/#\/schema\/logo\/image\/","url":"https:\/\/xarxa.museunacional.cat\/wp-content\/uploads\/2024\/08\/logo.png","contentUrl":"https:\/\/xarxa.museunacional.cat\/wp-content\/uploads\/2024\/08\/logo.png","width":400,"height":88,"caption":"Xarxa de Museus d\u2019Art de Catalunya"},"image":{"@id":"https:\/\/xarxa.museunacional.cat\/#\/schema\/logo\/image\/"}}]}},"_links":{"self":[{"href":"https:\/\/xarxa.museunacional.cat\/es\/wp-json\/wp\/v2\/artista\/6270","targetHints":{"allow":["GET"]}}],"collection":[{"href":"https:\/\/xarxa.museunacional.cat\/es\/wp-json\/wp\/v2\/artista"}],"about":[{"href":"https:\/\/xarxa.museunacional.cat\/es\/wp-json\/wp\/v2\/types\/artista"}],"wp:attachment":[{"href":"https:\/\/xarxa.museunacional.cat\/es\/wp-json\/wp\/v2\/media?parent=6270"}],"wp:term":[{"taxonomy":"colleccio","embeddable":true,"href":"https:\/\/xarxa.museunacional.cat\/es\/wp-json\/wp\/v2\/colleccio?post=6270"},{"taxonomy":"lloc","embeddable":true,"href":"https:\/\/xarxa.museunacional.cat\/es\/wp-json\/wp\/v2\/lloc?post=6270"},{"taxonomy":"llocsdefuncio","embeddable":true,"href":"https:\/\/xarxa.museunacional.cat\/es\/wp-json\/wp\/v2\/llocsdefuncio?post=6270"},{"taxonomy":"museu","embeddable":true,"href":"https:\/\/xarxa.museunacional.cat\/es\/wp-json\/wp\/v2\/museu?post=6270"},{"taxonomy":"museush","embeddable":true,"href":"https:\/\/xarxa.museunacional.cat\/es\/wp-json\/wp\/v2\/museush?post=6270"},{"taxonomy":"ocupacio","embeddable":true,"href":"https:\/\/xarxa.museunacional.cat\/es\/wp-json\/wp\/v2\/ocupacio?post=6270"},{"taxonomy":"pais","embeddable":true,"href":"https:\/\/xarxa.museunacional.cat\/es\/wp-json\/wp\/v2\/pais?post=6270"},{"taxonomy":"paisdefuncio","embeddable":true,"href":"https:\/\/xarxa.museunacional.cat\/es\/wp-json\/wp\/v2\/paisdefuncio?post=6270"},{"taxonomy":"sala","embeddable":true,"href":"https:\/\/xarxa.museunacional.cat\/es\/wp-json\/wp\/v2\/sala?post=6270"},{"taxonomy":"territori","embeddable":true,"href":"https:\/\/xarxa.museunacional.cat\/es\/wp-json\/wp\/v2\/territori?post=6270"},{"taxonomy":"territoridefuncio","embeddable":true,"href":"https:\/\/xarxa.museunacional.cat\/es\/wp-json\/wp\/v2\/territoridefuncio?post=6270"}],"curies":[{"name":"wp","href":"https:\/\/api.w.org\/{rel}","templated":true}]}}

Maria Dolors Escardó Oliva

<p>
	<a class="cpta-link ctpt-link-breadcrum" href="javascript:void(0)" onclick="history.back()">Tornar al cercador del cens d'artistes</a>
</p>
<div class="cptartista">
	
	<dl >
		<dt>Nom:</dt>
		<dd>Maria Dolors</dd>
		<dt>Cognoms:</dt>
		<dd>Escardó Oliva</dd>
				<dt>Tipus:</dt>
		<dd>artista</dd>
				<dt>Àmbit:</dt>
		<dd>artista plàstica</dd>
							<dt>Museu i/o col·lecció on trobar-la:</dt>
							<dd><a href="https://www.museudereus.cat" target="_blank">Museu de Reus</a></dd>
									<dt>Data de naixement:</dt>
		<dd>1941</dd>
						<dt>Lloc de naixement:</dt>
		<dd>Reus, província de Tarragona, Espanya</dd>
										<dt>Wikidata:</dt>
		<dd><a href="https://www.wikidata.org/wiki/Q96593748" target="_blank">https://www.wikidata.org/wiki/Q96593748</a></dd>
					
	

		
	</dl>
				
</div>

<!-- This site is optimized with the Yoast SEO plugin v27.4 - https://yoast.com/product/yoast-seo-wordpress/ -->
<title>Maria Dolors Escardó Oliva - Xarxa de Museus d’Art de Catalunya</title>
<meta name="robots" content="index, follow, max-snippet:-1, max-image-preview:large, max-video-preview:-1" />
<link rel="canonical" href="https://xarxa.museunacional.cat/es/artista/maria-dolors-escardo-oliva/" />
<meta property="og:locale" content="es_ES" />
<meta property="og:type" content="article" />
<meta property="og:title" content="Maria Dolors Escardó Oliva - Xarxa de Museus d’Art de Catalunya" />
<meta property="og:description" content="Tornar al cercador del cens d&#039;artistes Nom: Maria Dolors Cognoms: Escardó Oliva Tipus: artista Àmbit: artista plàstica Museu i/o col·lecció on trobar-la: Museu de Reus Data de naixement: 1941 Lloc de naixement: Reus, província de Tarragona, Espanya Wikidata: https://www.wikidata.org/wiki/Q96593748" />
<meta property="og:url" content="https://xarxa.museunacional.cat/es/artista/maria-dolors-escardo-oliva/" />
<meta property="og:site_name" content="Xarxa de Museus d’Art de Catalunya" />
<meta name="twitter:card" content="summary_large_image" />
<script type="application/ld+json" class="yoast-schema-graph">{"@context":"https:\/\/schema.org","@graph":[{"@type":"WebPage","@id":"https:\/\/xarxa.museunacional.cat\/es\/artista\/maria-dolors-escardo-oliva\/","url":"https:\/\/xarxa.museunacional.cat\/es\/artista\/maria-dolors-escardo-oliva\/","name":"Maria Dolors Escardó Oliva - Xarxa de Museus d’Art de Catalunya","isPartOf":{"@id":"https:\/\/xarxa.museunacional.cat\/#website"},"datePublished":"2024-03-01T19:03:21+00:00","breadcrumb":{"@id":"https:\/\/xarxa.museunacional.cat\/es\/artista\/maria-dolors-escardo-oliva\/#breadcrumb"},"inLanguage":"es","potentialAction":[{"@type":"ReadAction","target":["https:\/\/xarxa.museunacional.cat\/es\/artista\/maria-dolors-escardo-oliva\/"]}]},{"@type":"BreadcrumbList","@id":"https:\/\/xarxa.museunacional.cat\/es\/artista\/maria-dolors-escardo-oliva\/#breadcrumb","itemListElement":[{"@type":"ListItem","position":1,"name":"Inici","item":"https:\/\/xarxa.museunacional.cat\/es\/"},{"@type":"ListItem","position":2,"name":"Artistes","item":"https:\/\/xarxa.museunacional.cat\/artistes-archive\/"},{"@type":"ListItem","position":3,"name":"Maria Dolors Escardó Oliva"}]},{"@type":"WebSite","@id":"https:\/\/xarxa.museunacional.cat\/#website","url":"https:\/\/xarxa.museunacional.cat\/","name":"Xarxa de Museus d’Art de Catalunya","description":"Un altre lloc gestionat amb el WordPress","publisher":{"@id":"https:\/\/xarxa.museunacional.cat\/#organization"},"potentialAction":[{"@type":"SearchAction","target":{"@type":"EntryPoint","urlTemplate":"https:\/\/xarxa.museunacional.cat\/?s={search_term_string}"},"query-input":{"@type":"PropertyValueSpecification","valueRequired":true,"valueName":"search_term_string"}}],"inLanguage":"es"},{"@type":"Organization","@id":"https:\/\/xarxa.museunacional.cat\/#organization","name":"Xarxa de Museus d’Art de Catalunya","url":"https:\/\/xarxa.museunacional.cat\/","logo":{"@type":"ImageObject","inLanguage":"es","@id":"https:\/\/xarxa.museunacional.cat\/#\/schema\/logo\/image\/","url":"https:\/\/xarxa.museunacional.cat\/wp-content\/uploads\/2024\/08\/logo.png","contentUrl":"https:\/\/xarxa.museunacional.cat\/wp-content\/uploads\/2024\/08\/logo.png","width":400,"height":88,"caption":"Xarxa de Museus d’Art de Catalunya"},"image":{"@id":"https:\/\/xarxa.museunacional.cat\/#\/schema\/logo\/image\/"}}]}</script>
<!-- / Yoast SEO plugin. -->

Maria Dolors Escardó Oliva - Xarxa de Museus d’Art de Catalunya

Tornar al cercador del cens d'artistes Nom: Maria Dolors Cognoms: Escardó Oliva Tipus: artista Àmbit: artista plàstica Museu i/o col·lecció on trobar-la: Museu de Reus Data de naixement: 1941 Lloc de naixement: Reus, província de Tarragona, Espanya Wikidata: https://www.wikidata.org/wiki/Q96593748
